{"id":4688,"date":"2021-11-26T13:30:39","date_gmt":"2021-11-26T13:30:39","guid":{"rendered":"https:\/\/neu.gabyvoegele.ch\/?page_id=4688"},"modified":"2022-03-25T14:46:09","modified_gmt":"2022-03-25T14:46:09","slug":"behandlungen","status":"publish","type":"page","link":"https:\/\/gabyvoegele.ch\/?page_id=4688","title":{"rendered":"Behandlungen"},"content":{"rendered":"<p><div class=\"fusion-fullwidth fullwidth-box fusion-builder-row-1 fusion-flex-container nonhundred-percent-fullwidth non-hundred-percent-height-scrolling\" style=\"background-color: rgba(255,255,255,0);background-position: center center;background-repeat: no-repeat;border-width: 0px 0px 0px 0px;border-color:#eae9e9;border-style:solid;\" ><div class=\"fusion-builder-row fusion-row fusion-flex-align-items-flex-start\" style=\"max-width:1154.4px;margin-left: calc(-4% \/ 2 );margin-right: calc(-4% \/ 2 );\"><div class=\"fusion-layout-column fusion_builder_column fusion-builder-column-0 fusion_builder_column_1_1 1_1 fusion-flex-column\"><div class=\"fusion-column-wrapper fusion-flex-justify-content-flex-start fusion-content-layout-column\" style=\"background-position:left top;background-repeat:no-repeat;-webkit-background-size:cover;-moz-background-size:cover;-o-background-size:cover;background-size:cover;padding: 0px 0px 0px 0px;\"><div style=\"text-align:center;\"><span class=\" fusion-imageframe imageframe-none imageframe-1 hover-type-none\"><img width=\"1200\" height=\"674\" src=\"https:\/\/gabyvoegele.ch\/wp-content\/uploads\/2022\/03\/fuss3.png\" data-orig-src=\"https:\/\/gabyvoegele.ch\/wp-content\/uploads\/2022\/03\/fuss3.png\" alt class=\"lazyload img-responsive wp-image-5223\" srcset=\"data:image\/svg+xml,%3Csvg%20xmlns%3D%27http%3A%2F%2Fwww.w3.org%2F2000%2Fsvg%27%20width%3D%271200%27%20height%3D%27674%27%20viewBox%3D%270%200%201200%20674%27%3E%3Crect%20width%3D%271200%27%20height%3D%27674%27%20fill-opacity%3D%220%22%2F%3E%3C%2Fsvg%3E\" data-srcset=\"https:\/\/gabyvoegele.ch\/wp-content\/uploads\/2022\/03\/fuss3-200x112.png 200w, https:\/\/gabyvoegele.ch\/wp-content\/uploads\/2022\/03\/fuss3-400x225.png 400w, https:\/\/gabyvoegele.ch\/wp-content\/uploads\/2022\/03\/fuss3-600x337.png 600w, https:\/\/gabyvoegele.ch\/wp-content\/uploads\/2022\/03\/fuss3-800x449.png 800w, https:\/\/gabyvoegele.ch\/wp-content\/uploads\/2022\/03\/fuss3.png 1200w\" data-sizes=\"auto\" data-orig-sizes=\"(max-width: 950px) 100vw, (max-width: 420px) 100vw, 1200px\" \/><\/span><\/div><\/div><style type=\"text\/css\">.fusion-body .fusion-builder-column-0{width:100% !important;margin-top : 0px;margin-bottom : 20px;}.fusion-builder-column-0 > .fusion-column-wrapper {padding-top : 0px !important;padding-right : 0px !important;margin-right : 1.92%;padding-bottom : 0px !important;padding-left : 0px !important;margin-left : 1.92%;}@media only screen and (max-width:950px) {.fusion-body .fusion-builder-column-0{width:100% !important;order : 0;}.fusion-builder-column-0 > .fusion-column-wrapper {margin-right : 1.92%;margin-left : 1.92%;}}@media only screen and (max-width:420px) {.fusion-body .fusion-builder-column-0{width:100% !important;order : 0;}.fusion-builder-column-0 > .fusion-column-wrapper {margin-right : 1.92%;margin-left : 1.92%;}}<\/style><\/div><\/div><style type=\"text\/css\">.fusion-body .fusion-flex-container.fusion-builder-row-1{ padding-top : 0px;margin-top : 0px;padding-right : 0px;padding-bottom : 0px;margin-bottom : 0px;padding-left : 0px;}<\/style><\/div><div class=\"fusion-fullwidth fullwidth-box fusion-builder-row-2 fusion-flex-container nonhundred-percent-fullwidth non-hundred-percent-height-scrolling\" style=\"background-color: #ffffffff;background-position: center center;background-repeat: no-repeat;border-width: 0px 0px 0px 0px;border-color:#eae9e9;border-style:solid;\" ><div class=\"fusion-builder-row fusion-row fusion-flex-align-items-flex-start\" style=\"max-width:1154.4px;margin-left: calc(-4% \/ 2 );margin-right: calc(-4% \/ 2 );\"><div class=\"fusion-layout-column fusion_builder_column fusion-builder-column-1 fusion-flex-column\"><div class=\"fusion-column-wrapper fusion-flex-justify-content-flex-start fusion-content-layout-column\" style=\"background-position:left top;background-repeat:no-repeat;-webkit-background-size:cover;-moz-background-size:cover;-o-background-size:cover;background-size:cover;padding: 0px 0px 0px 0px;\"><\/div><style type=\"text\/css\">.fusion-body .fusion-builder-column-1{width:5% !important;margin-top : 0px;margin-bottom : 20px;}.fusion-builder-column-1 > .fusion-column-wrapper {padding-top : 0px !important;padding-right : 0px !important;margin-right : 38.4%;padding-bottom : 0px !important;padding-left : 0px !important;margin-left : 38.4%;}@media only screen and (max-width:950px) {.fusion-body .fusion-builder-column-1{width:100% !important;order : 0;}.fusion-builder-column-1 > .fusion-column-wrapper {margin-right : 1.92%;margin-left : 1.92%;}}@media only screen and (max-width:420px) {.fusion-body .fusion-builder-column-1{width:100% !important;order : 0;}.fusion-builder-column-1 > .fusion-column-wrapper {margin-right : 1.92%;margin-left : 1.92%;}}<\/style><\/div><div class=\"fusion-layout-column fusion_builder_column fusion-builder-column-2 fusion-flex-column\"><div class=\"fusion-column-wrapper lazyload fusion-flex-justify-content-flex-start fusion-content-layout-column\" style=\"background-position:left top;background-repeat:no-repeat;-webkit-background-size:cover;-moz-background-size:cover;-o-background-size:cover;background-size:cover;background-color:#fffffff;padding: 40px 0px 0px 0px;\" data-bg-url=\"https:\/\/gabyvoegele.ch\/wp-content\/uploads\/2022\/03\/Weisser-Block.png\" data-bg=\"https:\/\/gabyvoegele.ch\/wp-content\/uploads\/2022\/03\/Weisser-Block.png\"><style type=\"text\/css\">@media only screen and (max-width:950px) {.fusion-title.fusion-title-1{margin-top:0px!important; margin-right:!important;margin-bottom:30px!important;margin-left:!important;}}<\/style><div class=\"fusion-title title fusion-title-1 fusion-no-small-visibility fusion-title-center fusion-title-text fusion-title-size-one\" style=\"font-size:43px;margin-top:0px;margin-bottom:30px;\"><div class=\"title-sep-container title-sep-container-left\"><div class=\"title-sep sep-\" style=\"border-color:var(--awb-color3);\"><\/div><\/div><span class=\"awb-title-spacer\"><\/span><h1 class=\"title-heading-center\" style=\"font-family:&quot;Cinzel&quot;;font-weight:400;margin:0;font-size:1em;letter-spacing:1px;color:#0e3c53;line-height:43px;\">PODOLOGIESCHE BEHANDLUNGEN<\/h1><span class=\"awb-title-spacer\"><\/span><div class=\"title-sep-container title-sep-container-right\"><div class=\"title-sep sep-\" style=\"border-color:var(--awb-color3);\"><\/div><\/div><\/div><style type=\"text\/css\">@media only screen and (max-width:950px) {.fusion-title.fusion-title-2{margin-top:0px!important; margin-right:!important;margin-bottom:30px!important;margin-left:!important;}}<\/style><div class=\"fusion-title title fusion-title-2 fusion-no-medium-visibility fusion-no-large-visibility fusion-title-center fusion-title-text fusion-title-size-one\" style=\"font-size:30px;margin-top:0px;margin-bottom:30px;\"><div class=\"title-sep-container title-sep-container-left\"><div class=\"title-sep sep-\" style=\"border-color:var(--awb-color3);\"><\/div><\/div><span class=\"awb-title-spacer\"><\/span><h1 class=\"title-heading-center\" style=\"font-family:&quot;Cinzel&quot;;font-weight:400;margin:0;font-size:1em;letter-spacing:1px;color:#0e3c53;line-height:30px;\">PODOLOGIESCHE BEHANDLUNGEN<\/h1><span class=\"awb-title-spacer\"><\/span><div class=\"title-sep-container title-sep-container-right\"><div class=\"title-sep sep-\" style=\"border-color:var(--awb-color3);\"><\/div><\/div><\/div><div style=\"text-align:center;\"><style>.fusion-imageframe.imageframe-2{ margin-top : 5px;margin-bottom : 20px;}<\/style><span class=\" fusion-imageframe imageframe-none imageframe-2 hover-type-none\" style=\"max-width:20px;\"><img width=\"18\" height=\"11\" src=\"data:image\/svg+xml,%3Csvg%20xmlns%3D%27http%3A%2F%2Fwww.w3.org%2F2000%2Fsvg%27%20width%3D%2718%27%20height%3D%2711%27%20viewBox%3D%270%200%2018%2011%27%3E%3Crect%20width%3D%2718%27%20height%3D%2711%27%20fill-opacity%3D%220%22%2F%3E%3C%2Fsvg%3E\" data-orig-src=\"https:\/\/gabyvoegele.ch\/wp-content\/uploads\/2022\/03\/Welle.jpg\" alt class=\"lazyload img-responsive wp-image-5229\"\/><\/span><\/div><div class=\"fusion-text fusion-text-1\" style=\"font-size:16px;line-height:20px;color:#0e3c53;font-family:&quot;DIN Next Light &quot;;font-weight:400;\"><p class=\"font_8\" style=\"text-align: center;\">Die Podologie befasst sich mit der medizinischen Fusspflege. Die medizinische Fusspflege (Podologie) ist die pr\u00e4ventive, therapeutische und rehabilitative Behandlung am gesunden, von Sch\u00e4digungen bedrohten und bereits gesch\u00e4digtem Fuss.<br \/>\nDie Ausbildung besteht aus einer dreij\u00e4hrigen Vollzeit-Berufslehre, welche mit einem eidgen\u00f6ssischen F\u00e4higkeitszeugnis abschliesst.<br \/>\nDie Medizinische Fusspflege ist in den kantonalen Gesundheitsgesetzen und -verordnungen geregelt. F\u00fcr die Berufsaus\u00fcbung ben\u00f6tigen die Podologen eine Berufsaus\u00fcbungsbewilligung der jeweiligen kantonalen Gesundheitsbeh\u00f6rde.<\/p>\n<\/div><div style=\"text-align:center;\"><style>.fusion-imageframe.imageframe-3{ margin-top : 10px;margin-bottom : 20px;}<\/style><span class=\" fusion-imageframe imageframe-none imageframe-3 hover-type-none\" style=\"max-width:20px;\"><img width=\"18\" height=\"11\" src=\"data:image\/svg+xml,%3Csvg%20xmlns%3D%27http%3A%2F%2Fwww.w3.org%2F2000%2Fsvg%27%20width%3D%2718%27%20height%3D%2711%27%20viewBox%3D%270%200%2018%2011%27%3E%3Crect%20width%3D%2718%27%20height%3D%2711%27%20fill-opacity%3D%220%22%2F%3E%3C%2Fsvg%3E\" data-orig-src=\"https:\/\/gabyvoegele.ch\/wp-content\/uploads\/2022\/03\/Welle.jpg\" alt class=\"lazyload img-responsive wp-image-5229\"\/><\/span><\/div><style type=\"text\/css\">@media only screen and (max-width:950px) {.fusion-title.fusion-title-3{margin-top:0px!important; margin-right:!important;margin-bottom:30px!important;margin-left:!important;}}<\/style><div class=\"fusion-title title fusion-title-3 fusion-no-small-visibility fusion-title-center fusion-title-text fusion-title-size-one\" style=\"font-size:37px;margin-top:0px;margin-bottom:30px;\"><div class=\"title-sep-container title-sep-container-left\"><div class=\"title-sep sep-\" style=\"border-color:var(--awb-color3);\"><\/div><\/div><span class=\"awb-title-spacer\"><\/span><h1 class=\"title-heading-center\" style=\"font-family:&quot;Cinzel&quot;;font-weight:400;margin:0;font-size:1em;letter-spacing:1px;color:#0e3c53;line-height:59px;\">WER SIND UNSERE KUNDEN<\/h1><span class=\"awb-title-spacer\"><\/span><div class=\"title-sep-container title-sep-container-right\"><div class=\"title-sep sep-\" style=\"border-color:var(--awb-color3);\"><\/div><\/div><\/div><style type=\"text\/css\">@media only screen and (max-width:950px) {.fusion-title.fusion-title-4{margin-top:0px!important; margin-right:!important;margin-bottom:30px!important;margin-left:!important;}}<\/style><div class=\"fusion-title title fusion-title-4 fusion-no-medium-visibility fusion-no-large-visibility fusion-title-center fusion-title-text fusion-title-size-one\" style=\"font-size:30px;margin-top:0px;margin-bottom:30px;\"><div class=\"title-sep-container title-sep-container-left\"><div class=\"title-sep sep-\" style=\"border-color:var(--awb-color3);\"><\/div><\/div><span class=\"awb-title-spacer\"><\/span><h1 class=\"title-heading-center\" style=\"font-family:&quot;Cinzel&quot;;font-weight:400;margin:0;font-size:1em;letter-spacing:1px;color:#0e3c53;line-height:30px;\">WER SIND UNSERE KUNDEN<\/h1><span class=\"awb-title-spacer\"><\/span><div class=\"title-sep-container title-sep-container-right\"><div class=\"title-sep sep-\" style=\"border-color:var(--awb-color3);\"><\/div><\/div><\/div><div class=\"fusion-text fusion-text-2\" style=\"font-size:16px;line-height:20px;color:#0e3c53;font-family:&quot;DIN Next Light &quot;;font-weight:400;\"><p class=\"font_8\" style=\"text-align: center;\">Alle Personen, die in irgendwelcher Form Probleme oder Schmerzen an ihren F\u00fcssen haben.<br \/>\nDiabetiker (Zuckerkrankheit), Antikoagulierte (Blutverd\u00fcnnung), Rheumapatienten, Kunden mit Durchblutungsst\u00f6rungen<br \/>\nPersonen, die ihre F\u00fcsse nicht mehr selber pflegen k\u00f6nnen oder wollen.<br \/>\nAlle Personen, die Wert auf schmerzfreie und\/ oder gepflegte F\u00fcsse legen.<br \/>\nWir sind spezialisiert f\u00fcr Diabetiker und Risikopatienten<\/p>\n<\/div><div style=\"text-align:center;\"><style>.fusion-imageframe.imageframe-4{ margin-top : 10px;margin-bottom : 20px;}<\/style><span class=\" fusion-imageframe imageframe-none imageframe-4 hover-type-none\" style=\"max-width:20px;\"><img width=\"18\" height=\"11\" src=\"data:image\/svg+xml,%3Csvg%20xmlns%3D%27http%3A%2F%2Fwww.w3.org%2F2000%2Fsvg%27%20width%3D%2718%27%20height%3D%2711%27%20viewBox%3D%270%200%2018%2011%27%3E%3Crect%20width%3D%2718%27%20height%3D%2711%27%20fill-opacity%3D%220%22%2F%3E%3C%2Fsvg%3E\" data-orig-src=\"https:\/\/gabyvoegele.ch\/wp-content\/uploads\/2022\/03\/Welle.jpg\" alt class=\"lazyload img-responsive wp-image-5229\"\/><\/span><\/div><style type=\"text\/css\">@media only screen and (max-width:950px) {.fusion-title.fusion-title-5{margin-top:0px!important; margin-right:!important;margin-bottom:30px!important;margin-left:!important;}}<\/style><div class=\"fusion-title title fusion-title-5 fusion-no-small-visibility fusion-title-center fusion-title-text fusion-title-size-one\" style=\"font-size:37px;margin-top:0px;margin-bottom:30px;\"><div class=\"title-sep-container title-sep-container-left\"><div class=\"title-sep sep-\" style=\"border-color:var(--awb-color3);\"><\/div><\/div><span class=\"awb-title-spacer\"><\/span><h1 class=\"title-heading-center\" style=\"font-family:&quot;Cinzel&quot;;font-weight:400;margin:0;font-size:1em;letter-spacing:1px;color:#0e3c53;line-height:59px;\">DIENSTLEISTUNGEN<\/h1><span class=\"awb-title-spacer\"><\/span><div class=\"title-sep-container title-sep-container-right\"><div class=\"title-sep sep-\" style=\"border-color:var(--awb-color3);\"><\/div><\/div><\/div><style type=\"text\/css\">@media only screen and (max-width:950px) {.fusion-title.fusion-title-6{margin-top:0px!important; margin-right:!important;margin-bottom:30px!important;margin-left:!important;}}<\/style><div class=\"fusion-title title fusion-title-6 fusion-no-medium-visibility fusion-no-large-visibility fusion-title-center fusion-title-text fusion-title-size-one\" style=\"font-size:30px;margin-top:0px;margin-bottom:30px;\"><div class=\"title-sep-container title-sep-container-left\"><div class=\"title-sep sep-\" style=\"border-color:var(--awb-color3);\"><\/div><\/div><span class=\"awb-title-spacer\"><\/span><h1 class=\"title-heading-center\" style=\"font-family:&quot;Cinzel&quot;;font-weight:400;margin:0;font-size:1em;letter-spacing:1px;color:#0e3c53;line-height:30px;\">DIENSTLEISTUNGEN<\/h1><span class=\"awb-title-spacer\"><\/span><div class=\"title-sep-container title-sep-container-right\"><div class=\"title-sep sep-\" style=\"border-color:var(--awb-color3);\"><\/div><\/div><\/div><div class=\"fusion-text fusion-text-3\" style=\"font-size:16px;line-height:20px;color:#0e3c53;font-family:&quot;DIN Next Light &quot;;font-weight:400;\"><p class=\"font_8\" style=\"text-align: center;\">Podologische Fussbehandlungen<br \/>\nNagelbehandlungen, richtiges Schneiden der N\u00e4gel<br \/>\nBehandeln der eingewachsenen und verdickten N\u00e4gel, wie auch Nagelpilz<br \/>\nAbtragen von \u00fcberm\u00e4ssiger Hornhaut oder Schwielen<br \/>\nSorgf\u00e4ltige Entfernung von H\u00fchneraugen<br \/>\nSpangentechnik bei eingewachsenen N\u00e4geln<br \/>\nK\u00fcnstlicher Nagelersatz<br \/>\nFussmassagen<br \/>\nLackieren der N\u00e4gel<\/p>\n<\/div><div style=\"text-align:center;\"><style>.fusion-imageframe.imageframe-5{ margin-top : 10px;margin-bottom : 20px;}<\/style><span class=\" fusion-imageframe imageframe-none imageframe-5 hover-type-none\" style=\"max-width:20px;\"><img width=\"18\" height=\"11\" src=\"data:image\/svg+xml,%3Csvg%20xmlns%3D%27http%3A%2F%2Fwww.w3.org%2F2000%2Fsvg%27%20width%3D%2718%27%20height%3D%2711%27%20viewBox%3D%270%200%2018%2011%27%3E%3Crect%20width%3D%2718%27%20height%3D%2711%27%20fill-opacity%3D%220%22%2F%3E%3C%2Fsvg%3E\" data-orig-src=\"https:\/\/gabyvoegele.ch\/wp-content\/uploads\/2022\/03\/Welle.jpg\" alt class=\"lazyload img-responsive wp-image-5229\"\/><\/span><\/div><\/div><style type=\"text\/css\">.fusion-body .fusion-builder-column-2{width:90% !important;margin-top : -100px;margin-bottom : 20px;}.fusion-builder-column-2 > .fusion-column-wrapper {padding-top : 40px !important;padding-right : 0px !important;margin-right : 2.1333333333333%;padding-bottom : 0px !important;padding-left : 0px !important;margin-left : 2.1333333333333%;}@media only screen and (max-width:950px) {.fusion-body .fusion-builder-column-2{width:100% !important;order : 0;}.fusion-builder-column-2 > .fusion-column-wrapper {margin-right : 1.92%;margin-left : 1.92%;}}@media only screen and (max-width:420px) {.fusion-body .fusion-builder-column-2{width:100% !important;order : 0;}.fusion-builder-column-2 > .fusion-column-wrapper {margin-right : 1.92%;margin-left : 1.92%;}}<\/style><\/div><div class=\"fusion-layout-column fusion_builder_column fusion-builder-column-3 fusion-flex-column\"><div class=\"fusion-column-wrapper fusion-flex-justify-content-flex-start fusion-content-layout-column\" style=\"background-position:left top;background-repeat:no-repeat;-webkit-background-size:cover;-moz-background-size:cover;-o-background-size:cover;background-size:cover;padding: 0px 0px 0px 0px;\"><\/div><style type=\"text\/css\">.fusion-body .fusion-builder-column-3{width:5% !important;margin-top : 0px;margin-bottom : 20px;}.fusion-builder-column-3 > .fusion-column-wrapper {padding-top : 0px !important;padding-right : 0px !important;margin-right : 38.4%;padding-bottom : 0px !important;padding-left : 0px !important;margin-left : 38.4%;}@media only screen and (max-width:950px) {.fusion-body .fusion-builder-column-3{width:100% !important;order : 0;}.fusion-builder-column-3 > .fusion-column-wrapper {margin-right : 1.92%;margin-left : 1.92%;}}@media only screen and (max-width:420px) {.fusion-body .fusion-builder-column-3{width:100% !important;order : 0;}.fusion-builder-column-3 > .fusion-column-wrapper {margin-right : 1.92%;margin-left : 1.92%;}}<\/style><\/div><\/div><style type=\"text\/css\">.fusion-fullwidth.fusion-builder-row-2 a:not(.awb-custom-text-color):not(.fusion-button):not(.fusion-builder-module-control):not(.fusion-social-network-icon):not(.fb-icon-element):not(.fusion-countdown-link):not(.fusion-rollover-link):not(.fusion-rollover-gallery):not(.fusion-button-bar):not(.add_to_cart_button):not(.show_details_button):not(.product_type_external):not(.fusion-view-cart):not(.fusion-quick-view):not(.fusion-rollover-title-link):not(.fusion-breadcrumb-link) , .fusion-fullwidth.fusion-builder-row-2 a:not(.awb-custom-text-color):not(.fusion-button):not(.fusion-builder-module-control):not(.fusion-social-network-icon):not(.fb-icon-element):not(.fusion-countdown-link):not(.fusion-rollover-link):not(.fusion-rollover-gallery):not(.fusion-button-bar):not(.add_to_cart_button):not(.show_details_button):not(.product_type_external):not(.fusion-view-cart):not(.fusion-quick-view):not(.fusion-rollover-title-link):not(.fusion-breadcrumb-link):before, .fusion-fullwidth.fusion-builder-row-2 a:not(.awb-custom-text-color):not(.fusion-button):not(.fusion-builder-module-control):not(.fusion-social-network-icon):not(.fb-icon-element):not(.fusion-countdown-link):not(.fusion-rollover-link):not(.fusion-rollover-gallery):not(.fusion-button-bar):not(.add_to_cart_button):not(.show_details_button):not(.product_type_external):not(.fusion-view-cart):not(.fusion-quick-view):not(.fusion-rollover-title-link):not(.fusion-breadcrumb-link):after {color: #000000;}.fusion-fullwidth.fusion-builder-row-2 a:not(.awb-custom-text-hover-color):not(.fusion-button):not(.fusion-builder-module-control):not(.fusion-social-network-icon):not(.fb-icon-element):not(.fusion-countdown-link):not(.fusion-rollover-link):not(.fusion-rollover-gallery):not(.fusion-button-bar):not(.add_to_cart_button):not(.show_details_button):not(.product_type_external):not(.fusion-view-cart):not(.fusion-quick-view):not(.fusion-rollover-title-link):not(.fusion-breadcrumb-link):hover, .fusion-fullwidth.fusion-builder-row-2 a:not(.awb-custom-text-hover-color):not(.fusion-button):not(.fusion-builder-module-control):not(.fusion-social-network-icon):not(.fb-icon-element):not(.fusion-countdown-link):not(.fusion-rollover-link):not(.fusion-rollover-gallery):not(.fusion-button-bar):not(.add_to_cart_button):not(.show_details_button):not(.product_type_external):not(.fusion-view-cart):not(.fusion-quick-view):not(.fusion-rollover-title-link):not(.fusion-breadcrumb-link):hover:before, .fusion-fullwidth.fusion-builder-row-2 a:not(.awb-custom-text-hover-color):not(.fusion-button):not(.fusion-builder-module-control):not(.fusion-social-network-icon):not(.fb-icon-element):not(.fusion-countdown-link):not(.fusion-rollover-link):not(.fusion-rollover-gallery):not(.fusion-button-bar):not(.add_to_cart_button):not(.show_details_button):not(.product_type_external):not(.fusion-view-cart):not(.fusion-quick-view):not(.fusion-rollover-title-link):not(.fusion-breadcrumb-link):hover:after {color: #000000;}.fusion-fullwidth.fusion-builder-row-2 .pagination a.inactive:hover, .fusion-fullwidth.fusion-builder-row-2 .fusion-filters .fusion-filter.fusion-active a {border-color: #000000;}.fusion-fullwidth.fusion-builder-row-2 .pagination .current {border-color: #000000; background-color: #000000;}.fusion-fullwidth.fusion-builder-row-2 .fusion-filters .fusion-filter.fusion-active a, .fusion-fullwidth.fusion-builder-row-2 .fusion-date-and-formats .fusion-format-box, .fusion-fullwidth.fusion-builder-row-2 .fusion-popover, .fusion-fullwidth.fusion-builder-row-2 .tooltip-shortcode {color: #000000;}#wrapper .fusion-fullwidth.fusion-builder-row-2 .fusion-widget-area .fusion-vertical-menu-widget .menu li.current_page_ancestor > a, #wrapper .fusion-fullwidth.fusion-builder-row-2 .fusion-widget-area .fusion-vertical-menu-widget .menu li.current_page_ancestor > a:before, #wrapper .fusion-fullwidth.fusion-builder-row-2 .fusion-widget-area .fusion-vertical-menu-widget .current-menu-item > a, #wrapper .fusion-fullwidth.fusion-builder-row-2 .fusion-widget-area .fusion-vertical-menu-widget .current-menu-item > a:before, #wrapper .fusion-fullwidth.fusion-builder-row-2 .fusion-widget-area .fusion-vertical-menu-widget .current_page_item > a, #wrapper .fusion-fullwidth.fusion-builder-row-2 .fusion-widget-area .fusion-vertical-menu-widget .current_page_item > a:before {color: #000000;}#wrapper .fusion-fullwidth.fusion-builder-row-2 .fusion-widget-area .widget_nav_menu .menu li.current_page_ancestor > a, #wrapper .fusion-fullwidth.fusion-builder-row-2 .fusion-widget-area .widget_nav_menu .menu li.current_page_ancestor > a:before, #wrapper .fusion-fullwidth.fusion-builder-row-2 .fusion-widget-area .widget_nav_menu .current-menu-item > a, #wrapper .fusion-fullwidth.fusion-builder-row-2 .fusion-widget-area .widget_nav_menu .current-menu-item > a:before, #wrapper .fusion-fullwidth.fusion-builder-row-2 .fusion-widget-area .widget_nav_menu .current_page_item > a, #wrapper .fusion-fullwidth.fusion-builder-row-2 .fusion-widget-area .widget_nav_menu .current_page_item > a:before {color: #000000;}#wrapper .fusion-fullwidth.fusion-builder-row-2 .fusion-vertical-menu-widget .menu li.current_page_item > a { border-right-color:#000000;border-left-color:#000000;}#wrapper .fusion-fullwidth.fusion-builder-row-2 .fusion-widget-area .tagcloud a:hover { color: #fff; background-color: #000000;border-color: #000000;}#main .fusion-fullwidth.fusion-builder-row-2 .post .blog-shortcode-post-title a:hover {color: #000000;}.fusion-body .fusion-flex-container.fusion-builder-row-2{ padding-top : 0px;margin-top : 0px;padding-right : 0px;padding-bottom : 0px;margin-bottom : 0px;padding-left : 0px;}<\/style><\/div><\/p>\n","protected":false},"excerpt":{"rendered":"","protected":false},"author":1,"featured_media":0,"parent":0,"menu_order":0,"comment_status":"closed","ping_status":"closed","template":"100-width.php","meta":[],"acf":[],"_links":{"self":[{"href":"https:\/\/gabyvoegele.ch\/index.php?rest_route=\/wp\/v2\/pages\/4688"}],"collection":[{"href":"https:\/\/gabyvoegele.ch\/index.php?rest_route=\/wp\/v2\/pages"}],"about":[{"href":"https:\/\/gabyvoegele.ch\/index.php?rest_route=\/wp\/v2\/types\/page"}],"author":[{"embeddable":true,"href":"https:\/\/gabyvoegele.ch\/index.php?rest_route=\/wp\/v2\/users\/1"}],"replies":[{"embeddable":true,"href":"https:\/\/gabyvoegele.ch\/index.php?rest_route=%2Fwp%2Fv2%2Fcomments&post=4688"}],"version-history":[{"count":30,"href":"https:\/\/gabyvoegele.ch\/index.php?rest_route=\/wp\/v2\/pages\/4688\/revisions"}],"predecessor-version":[{"id":5475,"href":"https:\/\/gabyvoegele.ch\/index.php?rest_route=\/wp\/v2\/pages\/4688\/revisions\/5475"}],"wp:attachment":[{"href":"https:\/\/gabyvoegele.ch\/index.php?rest_route=%2Fwp%2Fv2%2Fmedia&parent=4688"}],"curies":[{"name":"wp","href":"https:\/\/api.w.org\/{rel}","templated":true}]}}